{"id":5550,"date":"2016-12-03T15:08:37","date_gmt":"2016-12-03T15:08:37","guid":{"rendered":"https:\/\/vnext.beskythavmiljoet.dk\/index.php\/homepage-inspiro\/"},"modified":"2025-05-20T15:06:28","modified_gmt":"2025-05-20T14:06:28","slug":"homepage-inspiro","status":"publish","type":"page","link":"https:\/\/beskythavmiljoet.dk\/","title":{"rendered":"Havmilj\u00f8et"},"content":{"rendered":"\t\t<div data-elementor-type=\"wp-page\" data-elementor-id=\"5550\" class=\"elementor elementor-5550\">\n\t\t\t\t\t\t<section class=\"elementor-section elementor-top-section elementor-element elementor-element-3b0b7759 elementor-section-full_width elementor-section-height-default elementor-section-height-default\" data-id=\"3b0b7759\" data-element_type=\"section\" data-e-type=\"section\">\n\t\t\t\t\t\t<div class=\"elementor-container elementor-column-gap-default\">\n\t\t\t\t\t<div class=\"elementor-column elementor-col-100 elementor-top-column elementor-element elementor-element-78326c39\" data-id=\"78326c39\" data-element_type=\"column\" data-e-type=\"column\">\n\t\t\t<div class=\"elementor-widget-wrap elementor-element-populated\">\n\t\t\t\t\t\t<div class=\"elementor-element elementor-element-4f70c81 elementor-widget elementor-widget-video\" data-id=\"4f70c81\" data-element_type=\"widget\" data-e-type=\"widget\" data-settings=\"{&quot;start&quot;:0,&quot;end&quot;:18,&quot;autoplay&quot;:&quot;yes&quot;,&quot;mute&quot;:&quot;yes&quot;,&quot;loop&quot;:&quot;yes&quot;,&quot;play_on_mobile&quot;:&quot;yes&quot;,&quot;video_type&quot;:&quot;hosted&quot;}\" data-widget_type=\"video.default\">\n\t\t\t\t<div class=\"elementor-widget-container\">\n\t\t\t\t\t\t\t<div class=\"e-hosted-video elementor-wrapper elementor-open-inline\">\n\t\t\t\t\t<video class=\"elementor-video\" src=\"https:\/\/beskythavmiljoet.dk\/wp-content\/uploads\/2025\/04\/Tangkrogen-forsidevideo.mp4#t=,18\" autoplay=\"\" loop=\"\" muted=\"muted\" playsinline=\"\" controlsList=\"nodownload\"><\/video>\n\t\t\t\t<\/div>\n\t\t\t\t\t\t<\/div>\n\t\t\t\t<\/div>\n\t\t\t\t\t<\/div>\n\t\t<\/div>\n\t\t\t\t\t<\/div>\n\t\t<\/section>\n\t\t<div class=\"elementor-element elementor-element-8912de7 e-flex e-con-boxed e-con e-parent\" data-id=\"8912de7\" data-element_type=\"container\" data-e-type=\"container\">\n\t\t\t\t\t<div class=\"e-con-inner\">\n\t\t\t\t<div class=\"elementor-element elementor-element-69376f6 elementor-widget elementor-widget-eael-fancy-text\" data-id=\"69376f6\" data-element_type=\"widget\" data-e-type=\"widget\" data-widget_type=\"eael-fancy-text.default\">\n\t\t\t\t<div class=\"elementor-widget-container\">\n\t\t\t\t\t\n\t<div  class=\"eael-fancy-text-container style-1\" data-fancy-text-id=\"69376f6\" data-fancy-text=\"|Aarhusbugten|havudsigten|marsvin, fisk og bunddyr|Havmilj\u00f8et i Danmark|Havmilj\u00f8et i Danmark\" data-fancy-text-transition-type=\"typing\" data-fancy-text-speed=\"50\" data-fancy-text-delay=\"2500\" data-fancy-text-cursor=\"yes\" data-fancy-text-loop=\"yes\" data-fancy-text-action=\"page_load\" >\n\t\t\t\t\t<span class=\"eael-fancy-text-prefix\">Beskyt <\/span>\n\t\t\n\t\t\n\t\t\t\t\t<span id=\"eael-fancy-text-69376f6\" class=\"eael-fancy-text-strings solid-color\">\n\t\t\t\t<noscript>\n\t\t\t\t\tAarhusbugten, havudsigten, marsvin, fisk og bunddyr, Havmilj\u00f8et i Danmark, Havmilj\u00f8et i Danmark\t\t\t\t<\/noscript>\n\t\t\t<\/span>\n\t\t\n\t\t\t<\/div><!-- close .eael-fancy-text-container -->\n\n\t<div class=\"clearfix\"><\/div>\n\n\t\t\t\t\t<\/div>\n\t\t\t\t<\/div>\n\t\t\t\t\t<\/div>\n\t\t\t\t<\/div>\n\t\t<div class=\"elementor-element elementor-element-841352d e-flex e-con-boxed e-con e-parent\" data-id=\"841352d\" data-element_type=\"container\" data-e-type=\"container\">\n\t\t\t\t\t<div class=\"e-con-inner\">\n\t\t\t\t<div class=\"elementor-element elementor-element-33c7504 elementor-widget elementor-widget-text-editor\" data-id=\"33c7504\" data-element_type=\"widget\" data-e-type=\"widget\" data-widget_type=\"text-editor.default\">\n\t\t\t\t<div class=\"elementor-widget-container\">\n\t\t\t\t\t\t\t\t\t<p>Havmilj\u00f8et er n\u00f8dlidende i hele Danmark. Vi k\u00e6mper for at passe p\u00e5 havmilj\u00f8et. I f\u00f8rste omgang har vi valgt at prioritere alle kr\u00e6fter p\u00e5 Aarhusbugten. En un\u00f8dvendig udvidelse af containerhavnen vil v\u00e6re \u00f8del\u00e6ggende. Det er nu heldigvis stoppet. Foreningen retter nu fokus imod byens nye renseanl\u00e6g: <strong>ReWater<\/strong><\/p><p>Et nyt renseanl\u00e6g er n\u00f8dvendigt og godt for havmilj\u00f8et, fordi det vil rense spildevandet inden det udlede. Placeringen er ogs\u00e5 vigtig for havmilj\u00f8et og for os alle i Aarhus. Kommunens hovedforslag vil \u00f8del\u00e6gge vores mest byn\u00e6re strand <strong>Tangkrogen<\/strong> og udsigt. Hj\u00e6lp os gerne med at bek\u00e6mpe dette ved at <a href=\"https:\/\/vnext.beskythavmiljoet.dk\/index.php\/indmeld\/\">indmelde<\/a> dig i vores forening.<\/p><p>Vi vil ogs\u00e5 gerne <a href=\"https:\/\/vnext.beskythavmiljoet.dk\/index.php\/contact\/\">h\u00f8re fra dig<\/a> om synspunkter og id\u00e9er til at v\u00e6rne om havmilj\u00f8et. Er du ung, vil vi is\u00e6r gerne i kontakt med dig, da fremtiden er din!<\/p><p>Husk vores generalforsamling den 20. maj 2025 kl. 19 i Solsalen:<\/p>\t\t\t\t\t\t\t\t<\/div>\n\t\t\t\t<\/div>\n\t\t\t\t<div class=\"elementor-element elementor-element-881b1d0 elementor-widget elementor-widget-eael-countdown\" data-id=\"881b1d0\" data-element_type=\"widget\" data-e-type=\"widget\" data-widget_type=\"eael-countdown.default\">\n\t\t\t\t<div class=\"elementor-widget-container\">\n\t\t\t\t\t\n\t\t<div class=\"eael-countdown-wrapper\" data-countdown-id=\"881b1d0\" data-expire-type=\"none\" data-countdown-type=\"due_date\">\n\t\t\t<div class=\"eael-countdown-container eael-countdown-label-block   eael-countdown-show-separator eael-countdown-separator-dotted\">\n                                    <ul id=\"eael-countdown-881b1d0\" class=\"eael-countdown-items\" data-date=\"May 20 2025 18:00:00 +1\">\n                        <li class=\"eael-countdown-item\"><div class=\"eael-countdown-days\"><span data-days class=\"eael-countdown-digits\">00<\/span><span class=\"eael-countdown-label\">Days<\/span><\/div><\/li>                        <li class=\"eael-countdown-item\"><div class=\"eael-countdown-hours\"><span data-hours class=\"eael-countdown-digits\">00<\/span><span class=\"eael-countdown-label\">Hours<\/span><\/div><\/li>                        <li class=\"eael-countdown-item\"><div class=\"eael-countdown-minutes\"><span data-minutes class=\"eael-countdown-digits\">00<\/span><span class=\"eael-countdown-label\">Minutes<\/span><\/div><\/li>                        <li class=\"eael-countdown-item\"><div class=\"eael-countdown-seconds\"><span data-seconds class=\"eael-countdown-digits\">00<\/span><span class=\"eael-countdown-label\">Seconds<\/span><\/div><\/li>                    <\/ul>\n                    <div class=\"eael-countdown-expiry-template\" style=\"display: none;\">\n                                            <\/div>\n               \n\t\t\t    <div class=\"clearfix\"><\/div>\n\t\t\t<\/div>\n\t\t<\/div>\n\n\t\t\t\t\t<\/div>\n\t\t\t\t<\/div>\n\t\t\t\t\t<\/div>\n\t\t\t\t<\/div>\n\t\t<div class=\"elementor-element elementor-element-c6f86a4 e-flex e-con-boxed e-con e-parent\" data-id=\"c6f86a4\" data-element_type=\"container\" data-e-type=\"container\">\n\t\t\t\t\t<div class=\"e-con-inner\">\n\t\t\t\t<div class=\"elementor-element elementor-element-731697c elementor-align-left elementor-widget elementor-widget-button\" data-id=\"731697c\" data-element_type=\"widget\" data-e-type=\"widget\" data-widget_type=\"button.default\">\n\t\t\t\t<div class=\"elementor-widget-container\">\n\t\t\t\t\t\t\t\t\t<div class=\"elementor-button-wrapper\">\n\t\t\t\t\t<a class=\"elementor-button elementor-button-link elementor-size-md\" href=\"https:\/\/beskythavmiljoet.dk\/index.php\/contact\/\">\n\t\t\t\t\t\t<span class=\"elementor-button-content-wrapper\">\n\t\t\t\t\t\t\t\t\t<span class=\"elementor-button-text\">Kontakt<\/span>\n\t\t\t\t\t<\/span>\n\t\t\t\t\t<\/a>\n\t\t\t\t<\/div>\n\t\t\t\t\t\t\t\t<\/div>\n\t\t\t\t<\/div>\n\t\t\t\t\t<\/div>\n\t\t\t\t<\/div>\n\t\t<div class=\"elementor-element elementor-element-c2c6575 e-flex e-con-boxed e-con e-parent\" data-id=\"c2c6575\" data-element_type=\"container\" data-e-type=\"container\">\n\t\t\t\t\t<div class=\"e-con-inner\">\n\t\t\t\t<div class=\"elementor-element elementor-element-9b1b658 elementor-widget elementor-widget-heading\" data-id=\"9b1b658\" data-element_type=\"widget\" data-e-type=\"widget\" data-widget_type=\"heading.default\">\n\t\t\t\t<div class=\"elementor-widget-container\">\n\t\t\t\t\t<h2 class=\"elementor-heading-title elementor-size-default\">Vi er foreningen \"Beskyt Havmilj\u00f8et i Danmark\"<\/h2>\t\t\t\t<\/div>\n\t\t\t\t<\/div>\n\t\t\t\t<div class=\"elementor-element elementor-element-b449a4b elementor-widget elementor-widget-heading\" data-id=\"b449a4b\" data-element_type=\"widget\" data-e-type=\"widget\" data-widget_type=\"heading.default\">\n\t\t\t\t<div class=\"elementor-widget-container\">\n\t\t\t\t\t<h2 class=\"elementor-heading-title elementor-size-default\"><a href=\"https:\/\/beskythavmiljoet.dk\/index.php\/project\/alternativ-3-for-tangkrogen\/\">Se vores video om Tangkrogen:<\/a><\/h2>\t\t\t\t<\/div>\n\t\t\t\t<\/div>\n\t\t\t\t\t<\/div>\n\t\t\t\t<\/div>\n\t\t\t\t<section class=\"elementor-section elementor-top-section elementor-element elementor-element-32b1ca71 elementor-section-full_width elementor-section-height-default elementor-section-height-default\" data-id=\"32b1ca71\" data-element_type=\"section\" data-e-type=\"section\">\n\t\t\t\t\t\t<div class=\"elementor-container elementor-column-gap-default\">\n\t\t\t\t\t<div class=\"elementor-column elementor-col-100 elementor-top-column elementor-element elementor-element-2f584a00\" data-id=\"2f584a00\" data-element_type=\"column\" data-e-type=\"column\">\n\t\t\t<div class=\"elementor-widget-wrap elementor-element-populated\">\n\t\t\t\t\t\t<div class=\"elementor-element elementor-element-9a0e9a8 elementor-widget elementor-widget-spacer\" data-id=\"9a0e9a8\" data-element_type=\"widget\" data-e-type=\"widget\" data-widget_type=\"spacer.default\">\n\t\t\t\t<div class=\"elementor-widget-container\">\n\t\t\t\t\t\t\t<div class=\"elementor-spacer\">\n\t\t\t<div class=\"elementor-spacer-inner\"><\/div>\n\t\t<\/div>\n\t\t\t\t\t\t<\/div>\n\t\t\t\t<\/div>\n\t\t\t\t<div class=\"elementor-element elementor-element-465e6f81 elementor-widget elementor-widget-wpzoom-elementor-addons-portfolio-showcase\" data-id=\"465e6f81\" data-element_type=\"widget\" data-e-type=\"widget\" data-settings=\"{&quot;portfolio_showcase_styles&quot;:&quot;default&quot;}\" data-widget_type=\"wpzoom-elementor-addons-portfolio-showcase.default\">\n\t\t\t\t<div class=\"elementor-widget-container\">\n\t\t\t\t\t<div class=\"portfolio-showcase\"><div class=\"portfolio-showcase-header\"><nav class=\"portfolio-archive-taxonomies\" style=\"display:none;\">\n\t<ul class=\"portfolio-taxonomies portfolio-taxonomies-filter-by\">\n\t\t<li data-subcategory=\"91\"\t\t\tclass=\"cat-item cat-item-all current-cat\" \n\t\t\tdata-counter=\"1\"\n\t\t>\n\t\t\t<a href=\"https:\/\/beskythavmiljoet.dk\/?page_id=6234\">All<\/a>\n\t\t<\/li>\n\t\t<li class=\"cat-item-none\">Ingen kategorier<\/li>\t<\/ul>\n<\/nav><\/div><!-- \/\/ .portfolio-showcase-header --><div class=\"inner-wrap portfolio_template_clean\">\t\t\t<div data-subcategory=\"91\"\t\t\t\tdata-ajax-items-loading=\"1\"\n\t\t\t\tdata-nonce=\"442fe96ea0\"\n\t\t\t\tdata-count-nonce=\"b7740b261b\"\n\t\t\t\tdata-items-count=\"1\"\n\t\t\t\tdata-instance=\"{&quot;layout_type&quot;:&quot;narrow&quot;,&quot;col_number&quot;:&quot;1&quot;,&quot;aspect_ratio&quot;:&quot;square&quot;,&quot;background_video&quot;:true,&quot;show_masonry&quot;:false,&quot;show_popup&quot;:false,&quot;show_popup_caption&quot;:true,&quot;show_popup_excerpt&quot;:false,&quot;show_excerpt&quot;:false,&quot;view_all_btn&quot;:true,&quot;readmore_text&quot;:&quot;Afspil&quot;,&quot;enable_director_name&quot;:false,&quot;enable_year&quot;:false,&quot;enable_category&quot;:false,&quot;show_count&quot;:1,&quot;show_categories&quot;:true,&quot;always_play_background_video&quot;:false}\"\n\t\t\t\tclass=\"portfolio-grid  col_no_1 \"\n\t\t\t>\n\t\t\t\t            <article id=\"post-8290\" class=\" portfolio_91_item portfolio_53_item portfolio_item post-8290 type-portfolio_item status-publish has-post-thumbnail hentry portfolio-tangkrogen portfolio-aarhusbugten\">\n            \n                <div class=\"portfolio_item_top_wrap\">\n\n                    \n                        <a href=\"https:\/\/beskythavmiljoet.dk\/index.php\/project\/alternativ-3-for-tangkrogen\/\"\n                           title=\"Alternativ 3 for Tangkrogen\">\n\n                            \n                                <img fetchpriority=\"high\" decoding=\"async\" width=\"600\" height=\"400\" src=\"https:\/\/beskythavmiljoet.dk\/wp-content\/uploads\/2025\/03\/Alternativ-3-for-Tangkrogen-600x400.jpg\" class=\"attachment-portfolio_item-thumbnail size-portfolio_item-thumbnail wp-post-image\" alt=\"\" \/>\n                            \n                        <\/a>\n\n                    \n                <\/div>\n\n                <div class=\"clean_skin_wrap_post\">\n\n                    <div class=\"entry-meta\">\n                        <ul>\n                            \n                            \n                                                    <\/ul>\n                    <\/div>\n                    <h3 class=\"portfolio_item-title\"><a href=\"https:\/\/beskythavmiljoet.dk\/index.php\/project\/alternativ-3-for-tangkrogen\/\" rel=\"bookmark\">Alternativ 3 for Tangkrogen<\/a><\/h3>                \n                <\/div>\n            <\/article>\n\t\t\t<\/div><!-- \/\/ .portfolio-grid -->\n\n\t\t\t<\/div>\t\t\t\t\n\n\t\t\t\t\n\t\t\t\t\t<div class=\"portfolio-preloader\">\n\t\t\t\t<div id=\"loading-39x\">\n\t\t\t\t\t<div class=\"spinner\">\n\t\t\t\t\t\t<div class=\"rect1\"><\/div> \n\t\t\t\t\t\t<div class=\"rect2\"><\/div> \n\t\t\t\t\t\t<div class=\"rect3\"><\/div> \n\t\t\t\t\t\t<div class=\"rect4\"><\/div> \n\t\t\t\t\t\t<div class=\"rect5\"><\/div>\n\t\t\t\t\t<\/div>\n\t\t\t\t<\/div>\n\t\t\t<\/div>\n\t\t\n        \n\t\t<\/div><!-- \/\/ .portfolio-showcase -->\t\t\t\t<\/div>\n\t\t\t\t<\/div>\n\t\t\t\t\t<\/div>\n\t\t<\/div>\n\t\t\t\t\t<\/div>\n\t\t<\/section>\n\t\t<div class=\"elementor-element elementor-element-e1099e9 e-flex e-con-boxed e-con e-parent\" data-id=\"e1099e9\" data-element_type=\"container\" data-e-type=\"container\">\n\t\t\t\t\t<div class=\"e-con-inner\">\n\t\t\t\t<div class=\"elementor-element elementor-element-70a206a elementor-widget elementor-widget-heading\" data-id=\"70a206a\" data-element_type=\"widget\" data-e-type=\"widget\" data-widget_type=\"heading.default\">\n\t\t\t\t<div class=\"elementor-widget-container\">\n\t\t\t\t\t<h2 class=\"elementor-heading-title elementor-size-default\">Nyt fra Facebook:<\/h2>\t\t\t\t<\/div>\n\t\t\t\t<\/div>\n\t\t\t\t\t<\/div>\n\t\t\t\t<\/div>\n\t\t<div class=\"elementor-element elementor-element-1a7ec2c e-flex e-con-boxed e-con e-parent\" data-id=\"1a7ec2c\" data-element_type=\"container\" data-e-type=\"container\">\n\t\t\t\t\t<div class=\"e-con-inner\">\n\t\t\t\t<div class=\"elementor-element elementor-element-6b4db95 elementor-widget elementor-widget-text-editor\" data-id=\"6b4db95\" data-element_type=\"widget\" data-e-type=\"widget\" data-widget_type=\"text-editor.default\">\n\t\t\t\t<div class=\"elementor-widget-container\">\n\t\t\t\t\t\t\t\t\t<p>Bem\u00e6rk, at links i ovenst\u00e5ende udtr\u00e6k fra Facebook kan drille. Pr\u00f8v evt. at hoppe direkte til vores Facebook-side:<\/p>\t\t\t\t\t\t\t\t<\/div>\n\t\t\t\t<\/div>\n\t\t\t\t\t<\/div>\n\t\t\t\t<\/div>\n\t\t<div class=\"elementor-element elementor-element-bc1cd4b e-flex e-con-boxed e-con e-parent\" data-id=\"bc1cd4b\" data-element_type=\"container\" data-e-type=\"container\">\n\t\t\t\t\t<div class=\"e-con-inner\">\n\t\t\t\t<div class=\"elementor-element elementor-element-cf65a62 elementor-widget elementor-widget-button\" data-id=\"cf65a62\" data-element_type=\"widget\" data-e-type=\"widget\" data-widget_type=\"button.default\">\n\t\t\t\t<div class=\"elementor-widget-container\">\n\t\t\t\t\t\t\t\t\t<div class=\"elementor-button-wrapper\">\n\t\t\t\t\t<a class=\"elementor-button elementor-button-link elementor-size-sm\" href=\"https:\/\/www.facebook.com\/BeskytAarhusbugtenNu\" target=\"_blank\">\n\t\t\t\t\t\t<span class=\"elementor-button-content-wrapper\">\n\t\t\t\t\t\t<span class=\"elementor-button-icon\">\n\t\t\t\t<svg aria-hidden=\"true\" class=\"e-font-icon-svg e-fab-facebook\" viewBox=\"0 0 512 512\" xmlns=\"http:\/\/www.w3.org\/2000\/svg\"><path d=\"M504 256C504 119 393 8 256 8S8 119 8 256c0 123.78 90.69 226.38 209.25 245V327.69h-63V256h63v-54.64c0-62.15 37-96.48 93.67-96.48 27.14 0 55.52 4.84 55.52 4.84v61h-31.28c-30.8 0-40.41 19.12-40.41 38.73V256h68.78l-11 71.69h-57.78V501C413.31 482.38 504 379.78 504 256z\"><\/path><\/svg>\t\t\t<\/span>\n\t\t\t\t\t\t\t\t\t<span class=\"elementor-button-text\">Hop til Facebook og se alle indl\u00e6g<\/span>\n\t\t\t\t\t<\/span>\n\t\t\t\t\t<\/a>\n\t\t\t\t<\/div>\n\t\t\t\t\t\t\t\t<\/div>\n\t\t\t\t<\/div>\n\t\t\t\t\t<\/div>\n\t\t\t\t<\/div>\n\t\t<div class=\"elementor-element elementor-element-2d96640 e-flex e-con-boxed e-con e-parent\" data-id=\"2d96640\" data-element_type=\"container\" data-e-type=\"container\">\n\t\t\t\t\t<div class=\"e-con-inner\">\n\t\t\t\t<div class=\"elementor-element elementor-element-0c2182c elementor-widget elementor-widget-shortcode\" data-id=\"0c2182c\" data-element_type=\"widget\" data-e-type=\"widget\" data-widget_type=\"shortcode.default\">\n\t\t\t\t<div class=\"elementor-widget-container\">\n\t\t\t\t\t\t\t<div class=\"elementor-shortcode\">\n    <div class=\"fb-shortcode-container\" style=\"width: 100%; position: relative; min-height: 900px;\">\n\n        <div class=\"fb_loader\" style=\"text-align: center !important;\">\n            <img decoding=\"async\" src=\"https:\/\/beskythavmiljoet.dk\/wp-content\/plugins\/facebook-pagelike-widget\/assets\/images\/loader.gif\" alt=\"Loading...\" \/>\n        <\/div>\n\n        <div id=\"fb-root\"><\/div>\n\n        <div class=\"fb-page\"\n            data-href=\"https:\/\/www.facebook.com\/BeskytAarhusbugtenNu\"\n            data-tabs=\"timeline\"\n            data-width=\"340\"\n            data-height=\"900\"\n            data-small-header=\"true\"\n            data-adapt-container-width=\"true\"\n            data-hide-cover=\"true\"\n            data-show-facepile=\"true\"\n            data-lazy=\"false\"\n            data-xfbml-parse-ignore=\"false\">\n        <\/div>\n    <\/div>\n\n    <\/div>\n\t\t\t\t\t\t<\/div>\n\t\t\t\t<\/div>\n\t\t\t\t\t<\/div>\n\t\t\t\t<\/div>\n\t\t\t\t<section class=\"elementor-section elementor-top-section elementor-element elementor-element-59b5a8a1 elementor-section-full_width elementor-section-height-default elementor-section-height-default\" data-id=\"59b5a8a1\" data-element_type=\"section\" data-e-type=\"section\" data-settings=\"{&quot;background_background&quot;:&quot;video&quot;,&quot;background_video_link&quot;:&quot;https:\\\/\\\/beskythavmiljoet.dk\\\/wp-content\\\/uploads\\\/2023\\\/11\\\/Aarhus-smukke-bugt-2.mp4&quot;,&quot;background_play_on_mobile&quot;:&quot;yes&quot;}\">\n\t\t\t\t\t\t\t\t<div class=\"elementor-background-video-container\">\n\t\t\t\t\t\t\t\t\t\t\t\t\t<video class=\"elementor-background-video-hosted\" role=\"presentation\" autoplay muted playsinline loop><\/video>\n\t\t\t\t\t\t\t\t\t\t\t<\/div>\n\t\t\t\t\t\t\t\t\t<div class=\"elementor-background-overlay\"><\/div>\n\t\t\t\t\t\t\t<div class=\"elementor-container elementor-column-gap-no\">\n\t\t\t\t\t<div class=\"elementor-column elementor-col-100 elementor-top-column elementor-element elementor-element-17d79452\" data-id=\"17d79452\" data-element_type=\"column\" data-e-type=\"column\">\n\t\t\t<div class=\"elementor-widget-wrap elementor-element-populated\">\n\t\t\t\t\t\t<section class=\"elementor-section elementor-inner-section elementor-element elementor-element-c997254 elementor-section-boxed elementor-section-height-default elementor-section-height-default\" data-id=\"c997254\" data-element_type=\"section\" data-e-type=\"section\">\n\t\t\t\t\t\t<div class=\"elementor-container elementor-column-gap-default\">\n\t\t\t\t\t<div class=\"elementor-column elementor-col-100 elementor-inner-column elementor-element elementor-element-22ad84a0\" data-id=\"22ad84a0\" data-element_type=\"column\" data-e-type=\"column\">\n\t\t\t<div class=\"elementor-widget-wrap elementor-element-populated\">\n\t\t\t\t\t\t<div class=\"elementor-element elementor-element-3a7f37ad elementor-widget elementor-widget-heading\" data-id=\"3a7f37ad\" data-element_type=\"widget\" data-e-type=\"widget\" data-widget_type=\"heading.default\">\n\t\t\t\t<div class=\"elementor-widget-container\">\n\t\t\t\t\t<h2 class=\"elementor-heading-title elementor-size-default\">Beskyt vores smukke Aarhusbugt<\/h2>\t\t\t\t<\/div>\n\t\t\t\t<\/div>\n\t\t\t\t<div class=\"elementor-element elementor-element-148554a elementor-widget elementor-widget-text-editor\" data-id=\"148554a\" data-element_type=\"widget\" data-e-type=\"widget\" data-widget_type=\"text-editor.default\">\n\t\t\t\t<div class=\"elementor-widget-container\">\n\t\t\t\t\t\t\t\t\t<p><em>Placer renseanl\u00e6gget med omtanke<\/em><\/p>\t\t\t\t\t\t\t\t<\/div>\n\t\t\t\t<\/div>\n\t\t\t\t\t<\/div>\n\t\t<\/div>\n\t\t\t\t\t<\/div>\n\t\t<\/section>\n\t\t\t\t\t<\/div>\n\t\t<\/div>\n\t\t\t\t\t<\/div>\n\t\t<\/section>\n\t\t\t\t<\/div>\n\t\t","protected":false},"excerpt":{"rendered":"<p>https:\/\/beskythavmiljoet.dk\/wp-content\/uploads\/2025\/04\/Tangkrogen-forsidevideo.mp4#t=,18 Beskyt Aarhusbugten, havudsigten, marsvin, fisk og bunddyr, Havmilj\u00f8et i Danmark, Havmilj\u00f8et i Danmark Havmilj\u00f8et er n\u00f8dlidende i hele Danmark. Vi k\u00e6mper for at passe p\u00e5 havmilj\u00f8et. I f\u00f8rste omgang har vi valgt at prioritere alle kr\u00e6fter p\u00e5 Aarhusbugten. En un\u00f8dvendig udvidelse af containerhavnen vil v\u00e6re \u00f8del\u00e6ggende. Det er nu heldigvis stoppet. Foreningen retter nu fokus imod byens nye renseanl\u00e6g: ReWater Et nyt renseanl\u00e6g er n\u00f8dvendigt og godt for havmilj\u00f8et, fordi det vil rense spildevandet [&hellip;]<\/p>\n","protected":false},"author":1,"featured_media":0,"parent":0,"menu_order":0,"comment_status":"closed","ping_status":"closed","template":"page-templates\/full-width-transparent.php","meta":{"_uag_custom_page_level_css":"","inspiro_page_layout":"narrow","inspiro_hide_title":false,"footnotes":""},"class_list":["post-5550","page","type-page","status-publish","hentry"],"uagb_featured_image_src":{"full":false,"thumbnail":false,"medium":false,"medium_large":false,"large":false,"1536x1536":false,"2048x2048":false,"featured":false,"featured@2x":false,"featured-small":false,"recent-thumbnail":false,"recent-thumbnail-retina":false,"woo-featured":false,"entry-cover":false,"entry-cover@2x":false,"loop":false,"portfolio-scroller-widget":false,"portfolio_item-thumbnail":false,"portfolio_item-masonry":false,"portfolio_item-thumbnail_wide":false,"portfolio_item-thumbnail_wide_cinema":false,"portfolio_item-thumbnail_cinema":false,"portfolio_item-thumbnail_portrait":false,"portfolio_item-thumbnail_square":false,"woocommerce_thumbnail":false,"woocommerce_single":false,"woocommerce_gallery_thumbnail":false},"uagb_author_info":{"display_name":"havmiljo_admin","author_link":"https:\/\/beskythavmiljoet.dk\/index.php\/author\/havmiljo_admin\/"},"uagb_comment_info":0,"uagb_excerpt":"https:\/\/beskythavmiljoet.dk\/wp-content\/uploads\/2025\/04\/Tangkrogen-forsidevideo.mp4#t=,18 Beskyt Aarhusbugten, havudsigten, marsvin, fisk og bunddyr, Havmilj\u00f8et i Danmark, Havmilj\u00f8et i Danmark Havmilj\u00f8et er n\u00f8dlidende i hele Danmark. Vi k\u00e6mper for at passe p\u00e5 havmilj\u00f8et. I f\u00f8rste omgang har vi valgt at prioritere alle kr\u00e6fter p\u00e5 Aarhusbugten. En un\u00f8dvendig udvidelse af containerhavnen vil v\u00e6re \u00f8del\u00e6ggende. Det er nu heldigvis stoppet. Foreningen retter nu&hellip;","_links":{"self":[{"href":"https:\/\/beskythavmiljoet.dk\/index.php\/wp-json\/wp\/v2\/pages\/5550","targetHints":{"allow":["GET"]}}],"collection":[{"href":"https:\/\/beskythavmiljoet.dk\/index.php\/wp-json\/wp\/v2\/pages"}],"about":[{"href":"https:\/\/beskythavmiljoet.dk\/index.php\/wp-json\/wp\/v2\/types\/page"}],"author":[{"embeddable":true,"href":"https:\/\/beskythavmiljoet.dk\/index.php\/wp-json\/wp\/v2\/users\/1"}],"replies":[{"embeddable":true,"href":"https:\/\/beskythavmiljoet.dk\/index.php\/wp-json\/wp\/v2\/comments?post=5550"}],"version-history":[{"count":15,"href":"https:\/\/beskythavmiljoet.dk\/index.php\/wp-json\/wp\/v2\/pages\/5550\/revisions"}],"predecessor-version":[{"id":8401,"href":"https:\/\/beskythavmiljoet.dk\/index.php\/wp-json\/wp\/v2\/pages\/5550\/revisions\/8401"}],"wp:attachment":[{"href":"https:\/\/beskythavmiljoet.dk\/index.php\/wp-json\/wp\/v2\/media?parent=5550"}],"curies":[{"name":"wp","href":"https:\/\/api.w.org\/{rel}","templated":true}]}}